 be 165/(3*5/10). Calculate the greatest common factor of n and y.
10
Let c = -38 + 45. Suppose -4*z = -c - 1. Let u be z*(0 + (-836)/(-8)). Calculate the greatest common divisor of u and 19.
19
Suppose 46 = 4*v - 2*r, -4*v + 0*r = 2*r - 50. Suppose -v*c = 961 - 3481. Let i be c/12*(-132)/(-5). Calculate the highest common factor of i and 42.
42
Suppose c = z + 3*z, -4*c - 16 = 0. Let o be (-4)/(1 - z) + 18. Suppose 203*u - 208*u = -80. What is the greatest common divisor of u and o?
16
Let n be 8/(-10) - (-204)/30. Let z be 9/((-81)/n)*-3 - -46. Calculate the greatest common factor of z and 108.
12
Let b be 42/(-35) - 3036/(-30). What is the highest common factor of b and 490?
10
Let c be (-50)/(-6) - 4/(-6). Suppose 0 = 3*g - 4*i + 301, i + 1 = -2*g - 207. Let n = g - -104. Calculate the highest common factor of n and c.
1
Suppose 99 = 13*v - 4*v. Suppose -v*i = -9*i + 352. Let s = -116 - i. Calculate the greatest common divisor of s and 15.
15
Let a(x) = -x**3 + 2*x**2 + 7*x - 11. Let f be (-9*(-2)/(-48))/((-2)/16). Let v be a(f). What is the highest common divisor of v and 8?
1
Suppose 12 + 12 = f. Let c = -250 + 247. Let i be -120*104/(-78)*c/(-10). Calculate the highest common divisor of f and i.
24
Let f be (4180/(-66) - -22)*6/(-4). Calculate the highest common divisor of 24 and f.
2
Let h be (12 - (7 + 9)) + 15206. Calculate the highest common divisor of 22 and h.
22
Let n be 2/4*-4 - -42. Suppose n*f - 43*f = -30. Calculate the highest common factor of 90 and f.
10
Suppose -30*b + 46*b - 336 = 0. Suppose -57 - 14 = -c. Let g = c - 29. Calculate the highest common factor of g and b.
21
Let w(c) = -c**2 - 9*c + 8. Let g be w(-7). Suppose -4*k + 2*k = -g. Let z be 4 - k/(33/(-180)). Calculate the greatest common factor of z and 8.
8
Let f be 5775/(-63)*(-38 + -1). Let t be -4*(f/(-88))/(1/6). What is the greatest common factor of 75 and t?
75
Let d be 14/(3/(-39)*-13). Calculate the greatest common divisor of d and 357.
7
Suppose -525 + 39 = -3*p. Suppose -1155*y = -1157*y + 104. Suppose -4*x = -v - 218, 8*x - y = 7*x - v. What is the highest common factor of p and x?
54
Suppose 20*q - 16*q + 2*p - 188 = 0, -76 = -2*q + 2*p. Calculate the highest common divisor of q and 9526.
22
Let z(a) = -a**3 + 6*a**2 + 6*a - 6. Let x be z(6). Let f = 32 - x. Suppose f*k + 0*k = 66. Calculate the greatest common divisor of 297 and k.
33
Let j = 46 + -18. Let l be 40 + -3 + 8 - (6 + -3). Calculate the greatest common divisor of j and l.
14
Let k(p) = 497*p**2 + 21*p - 7. Let l be k(-2). What is the greatest common divisor of 831 and l?
277
Let l = -10 + 52. Suppose 12*u + 670 + 86 = 0. Let y be (-63)/(-9)*(-54)/u. Calculate the highest common divisor of y and l.
6
Let v = 20606 - 20601. What is the greatest common factor of 31390 and v?
5
Let q(l) = -2*l - 26 - 17 + 60 + 75 + 43. Let c be q(0). Calculate the highest common divisor of 15 and c.
15
Suppose 6*u - 4 = 20. Suppose u*k = 0, -6*j + j + 10 = -3*k. Let d = 380 - 374. What is the greatest common factor of j and d?
2
Let s(z) = -39 - z + 41 + 7*z. Let w be s(5). Let m = w - -43. What is the greatest common divisor of m and 30?
15
Suppose h + 9 + 1 = l, -5*l = 4*h - 5. Suppose -10 = 2*s - 0, 0 = 4*b - l*s - 81. Calculate the greatest common divisor of 49 and b.
7
Let k be (6 + (-192)/20)*(-19 - 1). Let g = k - 38. What is the highest common factor of 34 and g?
34
Suppose 29 - 424 = -10*f + 345. Calculate the highest common factor of 4588 and f.
74
Suppose 20*v = 1003 - 223. Suppose 0*k = 4*i - 4*k - 244, 4*k = -4*i + 276. Calculate the greatest common divisor of i and v.
13
Let i(u) = -239*u - 207. Let x be i(-14). What is the greatest common factor of x and 146?
73
Suppose 8*d + 26 = 82. Suppose 0 = q + d - 45. Suppose -4*h + 158 = -q. What is the highest common factor of 7 and h?
7
Let u(f) = f**2 - 14*f + 183. Let d be u(-12). What is the greatest common divisor of d and 120?
15
Suppose -2*p = -o - 6*p + 25, -14 = -2*o + 4*p. Suppose -19*c = -o*c - 5568. What is the highest common factor of 32 and c?
32
Suppose 3*w - d = -4, w - d + 20 = 4*d. Suppose w = 2*h - 858 - 118. Calculate the greatest common divisor of 61 and h.
61
Let l be (-10)/(-25) + (-936)/(-60). Suppose l*o = 20*o - 308. What is the greatest common factor of 66 and o?
11
Let o be 2700/(-14)*1456/(-312). What is the greatest common divisor of o and 156?
12
Suppose -5*b - 56 = -12*b. Suppose 0 = -b*r - 3*r + 1815. Calculate the highest common divisor of 30 and r.
15
Let g(w) = w**3 + 33*w**2 + 50*w - 292. Let b be g(-31). What is the highest common factor of b and 2000?
80
Let l be -4 + (1 - 0) - 4. Let n be ((-13)/(-12))/(l/(-21))*8. Let t = 68 - n. Calculate the highest common factor of 210 and t.
42
Suppose -18*z = -4541 - 1669. Let a(p) = 10*p - 15. Let k be a(3). Calculate the greatest common divisor of k and z.
15
Let q = -6222 - -6250. Calculate the greatest common divisor of 6356 and q.
28
Suppose -d + k = -111, k + 0 = -1. Suppose -d = -t - t. Let i = 20152 - 20130. Calculate the highest common divisor of i and t.
11
Suppose -2*g + 24 + 60 = 0. Suppose 10*c = 2365 - 365. Let n = c - 144. What is the greatest common factor of g and n?
14
Suppose 98*s + 13*s = 31746. What is the highest common divisor of s and 517?
11
Suppose 56*p = -133*p - p + 13110. What is the highest common factor of p and 782?
23
Suppose 3*m + 508 = 4*q, 236 = 2*q - 4*m - 8. What is the highest common factor of 949 and q?
13
Let a(o) = 2001*o**2 + 2*o - 1. Let y be a(1). Calculate the greatest common factor of y and 308.
154
Let c(g) = -g**3 + 22*g - 10*g**2 + 0*g + 17 - 9*g + 11*g. Let z be c(-12). Calculate the greatest common divisor of z and 255.
17
Suppose -w = 5*z - 0*w - 29, -5*w - 11 = -z. Suppose z*b - 2*b = -312. Let f be (-12)/b - 854/(-26). What is the highest common divisor of 22 and f?
11
Suppose -2*o + 67 = -115. Let j = o - -78. What is the highest common factor of j and 13?
13
Let l = 387 + -156. Suppose s + 2*t - 111 = 0, -3*s + 5*s = -t + l. What is the highest common divisor of 13 and s?
13
Let k = 937 - 887. Calculate the highest common factor of k and 425.
25
Let b(u) = 15*u**2 + 6*u - 165. Let w be b(-37). Calculate the highest common factor of 552 and w.
276
Suppose 46*n - 42*n = -32. Let d be 6/(-14) + 141/14*n. Let j = d + 91. What is the highest common factor of 90 and j?
10
Let o(c) = -2*c**3 - 112*c**2 + 230*c - 11. Let m be o(-58). Calculate the greatest common factor of 4053 and m.
21
Let g = -16658 - -16674. Calculate the greatest common factor of 13168 and g.
16
Suppose -6 = 2*i, -5*o - 23 = 2*i + 8. Let s be (-35)/o - (-122 + -3). What is the greatest common factor of 462 and s?
66
Suppose 78*t + 455 = 91*t. Let b be 15/6*1*28. Calculate the greatest common factor of t and b.
35
Let n = 35 - -32. Let b = 79 - n. Let i(s) = -s**3 + 11*s**2 + 14*s. Let a be i(b). What is the greatest common divisor of 84 and a?
12
Let j = -15572 + 15891. Let p(u) = -4*u**3 - 2*u**2 - 4*u - 3. Let a be p(-2). What is the greatest common divisor of a and j?
29
Let s be 616 - ((-9)/2 + 5)*-2. Let u = -345 + s. Suppose 46 = 4*o - 90. What is the highest common factor of o and u?
34
Suppose 15*x - 16*x = -h + 2932, -11707 = -4*h + x. What is the greatest common divisor of 285 and h?
15
Suppose -u - 18 = -32. Suppose 15*d - 14*d - 322 = 0. Calculate the highest common factor of d and u.
14
Let n = -50 - -201. Suppose 14 + n = 3*z. Calculate the greatest common divisor of 132 and z.
11
Suppose -5*v - 5*v + 570 = 0. Let r = -302 + 473. Calculate the greatest common factor of v and r.
57
Let v be 41/3 - 1/(-3). Let n = -436 + 252. Let x = -30 - n. What is the greatest common factor of x and v?
14
Let q be (-1 + 19)*(-9)/3. Let g be (0 - -3) + q/(-2). Let c be -15*(-5 + 77/21). Calculate the highest common divisor of g and c.
10
Suppose 13*g = -267084 + 290549. Calculate the highest common factor of 475 and g.
95
Let y be (-28)/(-6) + (-8)/12. Let w be (-1 - 0)/(y/(-52)). Let m(h) = -4*h**2 - 208*h + 52. Let v be m(-52). Calculate the greatest common divisor of v and w.
13
Suppose 5*s - 4472 = -0*x - 4*x, 3*x - 3*s = 3354. What is the highest common divisor of 43 and x?
43
Suppose 0 = x - 2*u - 10, -3*u + 0*u - 21 = -2*x. Suppose -51*n = -55